vided by 23.
20
Suppose u - 5 + 0 = 0. Suppose 3*g - 12 = 0, u*g = 3*x + g - 29. What is the remainder when 27 is divided by x?
12
Let r = 29 - 20. What is the remainder when (-90)/r*10/(-4) is divided by 9?
7
Let j(s) = s**3 + 6*s**2 - 8*s - 7. Let q = -15 - -8. Let x be j(q). Suppose -5*l = 5*n - 60, 8*n - 3*n - 15 = x. What is the remainder when 25 is divided by l?
7
Let r = 221 + -118. What is the remainder when r is divided by 26?
25
Suppose 53 = 2*u + 5. Let v = -1 + 3. Let t = 15 - v. Calculate the remainder when u is divided by t.
11
Let v = -38 - -58. Let l = -113 + 191. What is the remainder when l is divided by v?
18
Suppose -5*l + 5*h + 85 = 0, -h = l - 15 - 0. Let i be (-8)/(-6)*(-132)/(-8). Let a = i - 13. What is the remainder when l is divided by a?
7
Let f = -84 - -95. Let b(y) = 4*y**2 + y + 1. What is the remainder when f is divided by b(-1)?
3
Let n(z) = z**3 - 8*z**2 - 7*z + 13. What is the remainder when 92 is divided by n(9)?
30
What is the remainder when ((-1012)/(-8))/11*(2 + 0) is divided by 9?
5
Let k = -4 + 2. Let n be (k - (-16)/6)*-3. What is the remainder when (30 - -1)/((-2)/n) is divided by 16?
15
Let b(n) = -2*n - 4. Let a be b(-3). Suppose 0 = a*s - 28 + 4. What is the remainder when s is divided by 7?
5
Let h(u) = -u + 3. Let g be h(4). Calculate the remainder when 2 is divided by g - -1 - 3 - -5.
0
Let m be -3*5*4/(-6). Let z = -78 - -119. What is the remainder when z is divided by (28/(-10))/((-2)/m)?
13
Suppose 53 + 315 = 4*l. Calculate the remainder when l is divided by 31.
30
Suppose -116 + 104 = -3*k. Calculate the remainder when 4 is divided by k.
0
Suppose -1445 = -11*f - 6*f. What is the remainder when f is divided by 9?
4
Suppose 5*q + 2*y - 74 = 0, -2*q + q + 25 = -3*y. Let k be ((-74)/6)/(5/15). Let v = 83 + k. Calculate the remainder when v is divided by q.
14
Let i = -2 + 2. Suppose q + 27 = 5*m, i = -3*q - 2*q + m - 15. What is the remainder when (q - -2)/(-2) + 2 is divided by 1?
0
Suppose 5*b - 2 = -5*w + 3, 4*b - 4 = 3*w. Let u(n) be the second derivative of 5*n**3/2 + n**2/2 - 24*n. What is the remainder when u(b) is divided by 6?
4
Suppose -4*k + 3*u = 2*u - 21, 2*k + 7 = -3*u. Let b(t) = k - 1 + t + 3 + 0. What is the remainder when 10 is divided by b(0)?
4
Let u(o) = o**2 - 5*o - 7. Let z be u(7). Suppose 3*b - 4*h = h - 7, 2*b - h = z. What is the remainder when 11 is divided by b?
5
Suppose 0 = -6*a + 2*a + 120. What is the remainder when 9 is divided by 4/(-14) + a/7?
1
Let g(s) = -s**3 + 2*s**2 - 1. Suppose 3 = -i + 2. Calculate the remainder when 3 is divided by g(i).
1
Suppose 2*x + 295 = 7*x. Let m = -49 - -69. Calculate the remainder when x is divided by m.
19
Suppose 0 = 2*a - 5*t - 48, -5*a + 2*t + 96 = -a. Calculate the remainder when 47 is divided by a.
23
Let a be (-5 - -2)/18*-8*3. Let c be 1 + -1 + (1 - 1). Suppose a*b = -c*b + 40. Calculate the remainder when 27 is divided by b.
7
Let g be 3 - 4/((-4)/(-3)). Let n(o) = o**3 + o + 11. What is the remainder when n(g) is divided by 3?
2
Suppose g = -4*c - 3, 3*g + c + 3 = 2*g. Let s be 0 - g/(6/(-8)). Let w = 9 - s. Calculate the remainder when 38 is divided by w.
12
Let c = 200 + -84. Let j = c - 65. What is the remainder when j is divided by 18?
15
Let r be (-3 + -34)/(2/(-10)). Suppose -3*k = 2*k - r. Suppose -2*p = -0*p - 26. What is the remainder when k is divided by p?
11
Let d(u) = 3*u**2 - 13*u + 5. Let p be 3*(-4)/(-6) - -4. What is the remainder when d(p) is divided by 12?
11
Let a = -35 - 31. Let p = a + 42. Let t = -2 - p. What is the remainder when t is divided by 8?
6
Let o = 18 - 3. Suppose -4*w - w = -o. Calculate the remainder when w*-2*(-6)/4 is divided by 5.
4
Suppose 0*f - 4*f = -28. Let m = 42 - f. Suppose 4*u + 4*c - 108 = 0, -5*c + m = -2*u + 3*u. Calculate the remainder when u is divided by 13.
12
Let v(f) = 2*f**3 - 6*f**2 + 4*f + 5. Let r(m) = -9*m - 36. Calculate the remainder when v(4) is divided by r(-7).
26
What is the remainder when 8 is divided by -4*3/(-12)*3?
2
Let z(u) = u**2 + 5*u - 13. What is the remainder when z(5) is divided by 20?
17
Let p = 174 + -133. Calculate the remainder when 121 is divided by p.
39
Let d(h) = 2*h**2 - 17*h - 6. Let o be d(8). Let f = 21 + o. Calculate the remainder when 26 is divided by f.
5
Let m(x) = -3*x - 4. Suppose -5*b + 5 = 0, -2*u + 3*b - 6*b = -33. Suppose -u = -5*o + 15. Calculate the remainder when m(-5) is divided by o.
5
Suppose -w - 12 = -4*w. What is the remainder when 7 is divided by w?
3
Suppose -263 = -5*s - 83. Suppose 4 + s = 4*v. What is the remainder when 29 is divided by v?
9
Let r = 28 + -4. Suppose -4*n + 4*q + 20 = 0, 5 = n - 3*q - 4. Suppose -p = 4*z + p - 60, -n*p = -12. What is the remainder when r is divided by z?
11
Suppose 3*k + 2*k = 25. What is the remainder when 11 is divided by k?
1
Let c(q) = 3*q - 13. Let s be c(16). Suppose -y + 154 = 4*d + 4*y, d - s = -3*y. What is the remainder when d is divided by 11?
8
Let m be 1 + (-10)/2 + 1. Let v be 36 - ((0 - m) + -2). What is the remainder when v + (-6)/(-9)*3 is divided by 19?
18
Let i(w) = 4*w**2 + 3*w + 1. Let m be i(-1). Suppose z + 3*l + 96 = m*z, -z + l = -86. Let h = 48 + -27. Calculate the remainder when z is divided by h.
18
Suppose 2*t = -6*x + 2*x + 50, -x + 55 = 3*t. Let h = 2 - -7. Calculate the remainder when t is divided by h.
8
Suppose 5*m - 39 - 16 = 0. Let h(c) = -4*c + 4 - 4. What is the remainder when m is divided by h(-1)?
3
Suppose 17*a = 19*a - 48. Calculate the remainder when a is divided by 14.
10
Let v = -7 - -15. Suppose -3*u = 3*i - 54, -i = -u + 3*u - 40. Calculate the remainder when u is divided by v.
6
Suppose 4*h - p = 48, h - 5*p + 3 = -p. Suppose 4*s - h = 155. Calculate the remainder when s is divided by 11.
9
Let s(l) = l + 0 + 6 + l**2 + 3*l. Suppose -4*r = 4*d - 4, 2*r + 18 = 3*d - 0*r. Calculate the remainder when s(-4) is divided by d.
2
Let n(i) = -i**3 + 5*i**2 - 2*i - 4. Let v be n(5). Calculate the remainder when 70 is divided by 4 - v*(-1 - -2).
16
Let o(c) = 1 + 9*c**2 - 3 - c + 1 + c**2. Suppose 18 = -3*f - 3*u, 5*f - 2 = 2*f + u. What is the remainder when 19 is divided by o(f)?
9
Let c = -52 + 103. Suppose 19 = v + 5*m, -2*v = -6*m + m + 7. Suppose v*w = -3 + c. What is the remainder when 23 is divided by w?
11
Suppose m - 20 = 2*g + 3*g, 3*m = -g + 28. Let h = 67 + -28. What is the remainder when h is divided by m?
9
Suppose 4*p - 1 - 3 = -2*z, 5*z = 3*p - 3. Suppose z*d = -2*d + 20. Suppose -5 = -5*c + d. What is the remainder when 3 is divided by c?
0
Let v(w) = 8 - 11*w**2 + 6 - 4*w**2 + w**3. Calculate the remainder when 54 is divided by v(15).
12
Let p(t) = -18*t - 3. Let i(k) = -2*k**2 - 24*k - 18. What is the remainder when p(-5) is divided by i(-10)?
21
Let y = -196 + 200. Let c = 10 - 3. Calculate the remainder when c is divided by y.
3
Suppose 3*t = 3*w - 4*w + 17, 3*t - 21 = -3*w. Calculate the remainder when 18 is divided by t.
3
Calculate the remainder when (0 - (-16)/(-10))/((-8)/340) is divided by 35.
33
Suppose -5*i - 651 + 1638 = -3*l, -i = 5*l - 175. Calculate the remainder when i is divided by 33.
30
Let g = 12 - -1. Let j = g - 11. Suppose 5*d - 11 = -6. Calculate the remainder when j is divided by d.
0
Let l(g) = -g**3 - 6*g**2 + 3*g - 7. Let q be l(-7). Let t = q + -7. Calculate the remainder when 40 is divided by t.
12
Let v(f) = -f**2 + 13*f - 21. Let r = 11 - -16. Calculate the remainder when r is divided by v(9).
12
Let f = 28 - 21. Let d = 2 - -3. Calculate the remainder when f is divided by d.
2
Suppose -12 = -3*d + d. Suppose 2*s = 3*s - 16. What is the remainder when s is divided by d?
4
Let h = 39 + -1. What is the remainder when 72 is divided by h?
34
Let u = -36 + 44. Calculate the remainder when 30 is divided by u.
6
Let t(f) = f**2 - 19*f + 5. Let m be t(15). Let q = m - -120. What is the remainder when q is divided by 22?
21
Suppose 0*v - 2*v = 4, w - 4 = -2*v. Let j = -4 + w. Suppose 29 - 5 = j*t. Calculate the remainder when 21 is divided by t.
3
Let q be 7/21*0/1. Suppose j + n = -4*n + 28, 2*j + 5*n - 46 = q. Suppose 0 = 5*v + d - 45, -v = v - 4*d - j. Calculate the remainder when v is divided by 5.
4
Let y = 23 + -6. Suppose -r = -4*r - u - 24, 3*u - 24 = 3*r. Let i = r - -17. Calcul